{"id":44164,"date":"2023-09-20T14:30:18","date_gmt":"2023-09-20T14:30:18","guid":{"rendered":"https:\/\/www.inkaterra.com\/inkaterra-asociacion-org\/?page_id=44164"},"modified":"2023-11-06T06:53:21","modified_gmt":"2023-11-06T06:53:21","slug":"talleres","status":"publish","type":"page","link":"https:\/\/www.inkaterra.com\/inkaterra-asociacion-org\/conferencias\/talleres\/","title":{"rendered":"Talleres"},"content":{"rendered":"\n<p>Del&nbsp;<strong>25 al 26 de noviembre,<\/strong>&nbsp;Diego Bogar\u00edn brindar\u00e1 una clase magistral sobre las bases te\u00f3ricas y pr\u00e1cticas de un sistema de estudio taxon\u00f3mico y sistem\u00e1tico de las Orchidaceae basado en la documentaci\u00f3n digital de plantas vivas.&nbsp;<\/p>\n\n\n\n<figure class=\"wp-block-table\"><table><tbody><tr><td><ul><li>Lugar: Machu Picchu Pueblo (antes Aguas Calientes), provincia de Urubamba, Cusco.<\/li><li>Duraci\u00f3n: Dos d\u00edas con 10 horas totales de taller-te\u00f3rico pr\u00e1ctico m\u00e1s una clase virtual.<\/li><li>Certificaci\u00f3n: A nombre de la Universidad Nacional San Antonio Abad del Cusco (UNSAAC), Jard\u00edn Bot\u00e1nico Lankester, Universidad de Costa Rica (UCR) e Inkaterra Asociaci\u00f3n.<\/li><li>Cupos: 25<\/li><\/ul><\/td><td><img loading=\"lazy\" decoding=\"async\" width=\"500\" height=\"630\" class=\"wp-image-44167\" style=\"width: 500px;\" src=\"https:\/\/www.inkaterra.com\/inkaterra-asociacion-org\/wp-content\/uploads\/2023\/09\/img-talleres.jpg\" alt=\"\" srcset=\"https:\/\/www.inkaterra.com\/inkaterra-asociacion-org\/wp-content\/uploads\/2023\/09\/img-talleres.jpg 380w, https:\/\/www.inkaterra.com\/inkaterra-asociacion-org\/wp-content\/uploads\/2023\/09\/img-talleres-238x300.jpg 238w\" sizes=\"auto, (max-width: 500px) 100vw, 500px\" \/><\/td><\/tr><\/tbody><\/table><\/figure>\n\n\n\n<p>Para conocer los objetivos del taller, precios de inscripci\u00f3n y programa descarga el siguiente archivo:&nbsp;<\/p>\n\n\n<div class=\"listitems\" id=\"listitems-block_532ba6466d5465316005a2dcede15e85\">\n            <div class=\"list-item\">\n\n                <div class=\"item-wrapper\">\n\n                    <div class=\"thumbnail\">\n\n                        <a target=\"_blank\" href=\"https:\/\/www.inkaterra.com\/inkaterra-asociacion-org\/wp-content\/uploads\/2023\/09\/Brochure-Taller-de-documentacioin-digital-cientiifica-de-Orchidaceae.pdf\">\n                            <img decoding=\"async\" src=\"https:\/\/www.inkaterra.com\/inkaterra-asociacion-org\/wp-content\/uploads\/2023\/09\/brochure-taller-boton.jpg\" alt=\"\">\n                        <\/a>\n\n                    <\/div>\n\n                    <div class=\"btn-download\">\n\n                        <a target=\"_blank\" href=\"https:\/\/www.inkaterra.com\/inkaterra-asociacion-org\/wp-content\/uploads\/2023\/09\/Brochure-Taller-de-documentacioin-digital-cientiifica-de-Orchidaceae.pdf\">\n                            Descargar                            <span><\/span>\n                        <\/a>\n                    <\/div>\n                <\/div>\n            <\/div>\n        <\/div>\n\n\n<p><strong>INSCRIPCI\u00d3N<\/strong><\/p>\n\n\n\n<p>Los pasos para seguir son:<\/p>\n\n\n\n<ol class=\"wp-block-list\"><li>Realizar el pago del monto correspondiente a trav\u00e9s de la cuenta bancaria de INKA TERRA ASOCIACION, de acuerdo con la categor\u00eda en la cual se presenta (estudiante de pregrado, postgrado, profesional o p\u00fablico en general). Es importante guardar el comprobante de pago para completar la inscripci\u00f3n.<\/li><\/ol>\n\n\n\n<p>En el documento adjunto encontrar\u00e1 informaci\u00f3n adicional sobre las cuentas mencionadas y los pasos a considerar al momento de hacer el pago.&nbsp;<\/p>\n\n\n\n<p><a href=\"https:\/\/www.inkaterra.com\/inkaterra-asociacion-org\/wp-content\/uploads\/2023\/09\/forma-pago-esp.pdf\" target=\"_blank\" rel=\"noopener\" title=\"\">Forma de Pago<\/a><\/p>\n\n\n\n<ol class=\"wp-block-list\" start='2'><li>Efectuado el pago debe llenar el formato de inscripci\u00f3n a la VII CONFERENCIA CIENT\u00cdFICA DE ORQU\u00cdDEAS ANDINAS, <a href=\"https:\/\/forms.gle\/tamMqPM9JFwhLt237\">https:\/\/forms.gle\/tamMqPM9JFwhLt237<\/a>&nbsp; , completando su informaci\u00f3n personal y luego adjuntar el comprobante de pago (generado en el paso anterior). En caso de requerir factura debe completar informaci\u00f3n adicional.<\/li><\/ol>\n\n\n\n<p>No dejes pasar esta exclusiva oportunidad de adquirir los conocimientos, metodolog\u00edas y t\u00e9cnicas de documentaci\u00f3n digital de plantas y los fundamentos te\u00f3ricos para desarrollar investigaciones flor\u00edsticas, taxonom\u00eda y sistem\u00e1tica.&nbsp;<\/p>\n\n\n\n<p>Si necesita aclarar alguna pregunta o consulta relacionada con el taller de documentaci\u00f3n digital cient\u00edfica cont\u00e1ctenos a: <a href=\"mailto:aoc@inkaterra-asociacion.org\">aoc@inkaterra-asociacion.org<\/a><\/p>\n","protected":false},"excerpt":{"rendered":"Del&nbsp;25 al 26 de noviembre,&nbsp;Diego Bogar\u00edn brindar\u00e1 una clase magistral sobre las bases te\u00f3ricas y pr\u00e1cticas de un sistema de estudio taxon\u00f3mico y sistem\u00e1tico de las Orchidaceae basado en la documentaci\u00f3n digital de plantas vivas.&nbsp; Lugar: Machu Picchu Pueblo (antes Aguas Calientes), provincia de Urubamba, Cusco. Duraci\u00f3n: Dos d\u00edas con 10 horas totales de taller-te\u00f3rico&#8230; <a class=\"view-article\" href=\"https:\/\/www.inkaterra.com\/inkaterra-asociacion-org\/conferencias\/talleres\/\">Ver art\u00edculo<\/a>","protected":false},"author":4,"featured_media":0,"parent":41574,"menu_order":15,"comment_status":"closed","ping_status":"closed","template":"","meta":{"footnotes":""},"class_list":["post-44164","page","type-page","status-publish","hentry"],"acf":[],"aioseo_notices":[],"_links":{"self":[{"href":"https:\/\/www.inkaterra.com\/inkaterra-asociacion-org\/wp-json\/wp\/v2\/pages\/44164","targetHints":{"allow":["GET"]}}],"collection":[{"href":"https:\/\/www.inkaterra.com\/inkaterra-asociacion-org\/wp-json\/wp\/v2\/pages"}],"about":[{"href":"https:\/\/www.inkaterra.com\/inkaterra-asociacion-org\/wp-json\/wp\/v2\/types\/page"}],"author":[{"embeddable":true,"href":"https:\/\/www.inkaterra.com\/inkaterra-asociacion-org\/wp-json\/wp\/v2\/users\/4"}],"replies":[{"embeddable":true,"href":"https:\/\/www.inkaterra.com\/inkaterra-asociacion-org\/wp-json\/wp\/v2\/comments?post=44164"}],"version-history":[{"count":25,"href":"https:\/\/www.inkaterra.com\/inkaterra-asociacion-org\/wp-json\/wp\/v2\/pages\/44164\/revisions"}],"predecessor-version":[{"id":44383,"href":"https:\/\/www.inkaterra.com\/inkaterra-asociacion-org\/wp-json\/wp\/v2\/pages\/44164\/revisions\/44383"}],"up":[{"embeddable":true,"href":"https:\/\/www.inkaterra.com\/inkaterra-asociacion-org\/wp-json\/wp\/v2\/pages\/41574"}],"wp:attachment":[{"href":"https:\/\/www.inkaterra.com\/inkaterra-asociacion-org\/wp-json\/wp\/v2\/media?parent=44164"}],"curies":[{"name":"wp","href":"https:\/\/api.w.org\/{rel}","templated":true}]}}