{"id":44048,"date":"2023-08-29T08:31:59","date_gmt":"2023-08-29T08:31:59","guid":{"rendered":"https:\/\/www.inkaterra.com\/inkaterra-asociacion-org\/conferencias\/becas\/"},"modified":"2023-11-03T14:57:22","modified_gmt":"2023-11-03T14:57:22","slug":"becas","status":"publish","type":"page","link":"https:\/\/www.inkaterra.com\/inkaterra-asociacion-org\/conferencias\/becas\/","title":{"rendered":"Becas"},"content":{"rendered":"\n<p><strong>APERTURA DE MEDIAS BECAS PARA ESTUDIANTES Y J\u00d3VENES INVESTIGADORES<\/strong><\/p>\n\n\n\n<p>El Comit\u00e9 Organizador de la VII Conferencia Cient\u00edfica de Orqu\u00eddeas Andinas est\u00e1 comprometido en fomentar la participaci\u00f3n activa de estudiantes y j\u00f3venes investigadores en el evento. Para lograrlo, convocamos a la postulaci\u00f3n de \u00abmedias becas\u00bb destinadas a facilitar la asistencia de talentosos estudiantes.&nbsp;<\/p>\n\n\n\n<p>\u00b7&nbsp;&nbsp;&nbsp;&nbsp;&nbsp;&nbsp;&nbsp;<strong>\u00c1mbito de validez:<\/strong>&nbsp;Nacional e internacional&nbsp;<\/p>\n\n\n\n<p>\u00b7\u00a0\u00a0\u00a0\u00a0\u00a0\u00a0\u00a0<strong>Fin de convocatoria:<\/strong>\u00a0 15 de noviembre hasta las 23:59 hrs<\/p>\n\n\n\n<p>Para conocer los requisitos, proceso de postulaci\u00f3n y t\u00e9rminos y condiciones, descarga las bases en el siguiente archivo:&nbsp;<\/p>\n\n\n<div class=\"listitems\" id=\"listitems-block_701e57d4d23cb83183cc53d05c243607\">\n            <div class=\"list-item\">\n\n                <div class=\"item-wrapper\">\n\n                    <div class=\"thumbnail\">\n\n                        <a target=\"_blank\" href=\"https:\/\/www.inkaterra.com\/inkaterra-asociacion-org\/wp-content\/uploads\/2023\/09\/apertura_medias_becas_es.pdf\">\n                            <img decoding=\"async\" src=\"https:\/\/www.inkaterra.com\/inkaterra-asociacion-org\/wp-content\/uploads\/2023\/09\/BOTOiN_medias-becas_170x260_ESPANOL.jpg\" alt=\"\">\n                        <\/a>\n\n                    <\/div>\n\n                    <div class=\"btn-download\">\n\n                        <a target=\"_blank\" href=\"https:\/\/www.inkaterra.com\/inkaterra-asociacion-org\/wp-content\/uploads\/2023\/09\/apertura_medias_becas_es.pdf\">\n                            Descargar                            <span><\/span>\n                        <\/a>\n                    <\/div>\n                <\/div>\n            <\/div>\n        <\/div>\n\n\n<p>No pierdas esta oportunidad de ser parte del VII AOC y compartir tus investigaciones con la comunidad cient\u00edfica. \u00a1Esperamos contar con tu participaci\u00f3n!<\/p>\n","protected":false},"excerpt":{"rendered":"APERTURA DE MEDIAS BECAS PARA ESTUDIANTES Y J\u00d3VENES INVESTIGADORES El Comit\u00e9 Organizador de la VII Conferencia Cient\u00edfica de Orqu\u00eddeas Andinas est\u00e1 comprometido en fomentar la participaci\u00f3n activa de estudiantes y j\u00f3venes investigadores en el evento. Para lograrlo, convocamos a la postulaci\u00f3n de \u00abmedias becas\u00bb destinadas a facilitar la asistencia de talentosos estudiantes.&nbsp; \u00b7&nbsp;&nbsp;&nbsp;&nbsp;&nbsp;&nbsp;&nbsp;\u00c1mbito de validez:&nbsp;Nacional&#8230; <a class=\"view-article\" href=\"https:\/\/www.inkaterra.com\/inkaterra-asociacion-org\/conferencias\/becas\/\">Ver art\u00edculo<\/a>","protected":false},"author":4,"featured_media":0,"parent":41574,"menu_order":15,"comment_status":"closed","ping_status":"closed","template":"","meta":{"footnotes":""},"class_list":["post-44048","page","type-page","status-publish","hentry"],"acf":[],"aioseo_notices":[],"_links":{"self":[{"href":"https:\/\/www.inkaterra.com\/inkaterra-asociacion-org\/wp-json\/wp\/v2\/pages\/44048","targetHints":{"allow":["GET"]}}],"collection":[{"href":"https:\/\/www.inkaterra.com\/inkaterra-asociacion-org\/wp-json\/wp\/v2\/pages"}],"about":[{"href":"https:\/\/www.inkaterra.com\/inkaterra-asociacion-org\/wp-json\/wp\/v2\/types\/page"}],"author":[{"embeddable":true,"href":"https:\/\/www.inkaterra.com\/inkaterra-asociacion-org\/wp-json\/wp\/v2\/users\/4"}],"replies":[{"embeddable":true,"href":"https:\/\/www.inkaterra.com\/inkaterra-asociacion-org\/wp-json\/wp\/v2\/comments?post=44048"}],"version-history":[{"count":8,"href":"https:\/\/www.inkaterra.com\/inkaterra-asociacion-org\/wp-json\/wp\/v2\/pages\/44048\/revisions"}],"predecessor-version":[{"id":44370,"href":"https:\/\/www.inkaterra.com\/inkaterra-asociacion-org\/wp-json\/wp\/v2\/pages\/44048\/revisions\/44370"}],"up":[{"embeddable":true,"href":"https:\/\/www.inkaterra.com\/inkaterra-asociacion-org\/wp-json\/wp\/v2\/pages\/41574"}],"wp:attachment":[{"href":"https:\/\/www.inkaterra.com\/inkaterra-asociacion-org\/wp-json\/wp\/v2\/media?parent=44048"}],"curies":[{"name":"wp","href":"https:\/\/api.w.org\/{rel}","templated":true}]}}