{"id":43767,"date":"2023-07-19T11:38:28","date_gmt":"2023-07-19T11:38:28","guid":{"rendered":"https:\/\/www.inkaterra.com\/inkaterra-asociacion-org\/?page_id=43767"},"modified":"2023-12-20T20:16:18","modified_gmt":"2023-12-20T20:16:18","slug":"expedicion-botanica","status":"publish","type":"page","link":"https:\/\/www.inkaterra.com\/inkaterra-asociacion-org\/conferencias\/expedicion-botanica\/","title":{"rendered":"Expedici\u00f3n Bot\u00e1nica"},"content":{"rendered":"\n<div class=\"wp-block-columns is-layout-flex wp-container-core-columns-is-layout-1 wp-block-columns-is-layout-flex\">\n<div class=\"wp-block-column is-layout-flow wp-block-column-is-layout-flow\">\n<p>Invitamos a todos los participantes de la VII Conferencia Cient\u00edfica de Orqu\u00eddeas Andinas a unirse en una fascinante expedici\u00f3n bot\u00e1nica a Machu Picchu guiada por una de las figuras m\u00e1s respetadas del mundo en orquideolog\u00eda, <strong>Tom Mirenda.<\/strong> Columnista para la American Orchid Society y l\u00edder de la OGCN (Orchid Garden Conservation Network), Tom ha cultivado orqu\u00eddeas de manera profesional por las \u00faltimas tres d\u00e9cadas.<\/p>\n<\/div>\n\n\n\n<div class=\"wp-block-column is-layout-flow wp-block-column-is-layout-flow\">\n<figure class=\"wp-block-image size-full is-resized\"><a href=\"https:\/\/www.inkaterra.com\/inkaterra-asociacion-org\/wp-content\/uploads\/2023\/07\/ithu.jpg\"><img loading=\"lazy\" decoding=\"async\" src=\"https:\/\/www.inkaterra.com\/inkaterra-asociacion-org\/wp-content\/uploads\/2023\/07\/ithu.jpg\" alt=\"\" class=\"wp-image-43768\" width=\"439\" height=\"247\" srcset=\"https:\/\/www.inkaterra.com\/inkaterra-asociacion-org\/wp-content\/uploads\/2023\/07\/ithu.jpg 920w, https:\/\/www.inkaterra.com\/inkaterra-asociacion-org\/wp-content\/uploads\/2023\/07\/ithu-300x169.jpg 300w, https:\/\/www.inkaterra.com\/inkaterra-asociacion-org\/wp-content\/uploads\/2023\/07\/ithu-768x432.jpg 768w\" sizes=\"auto, (max-width: 439px) 100vw, 439px\" \/><\/a><\/figure>\n<\/div>\n<\/div>\n\n\n\n<p>Ha viajado por todo el mundo en busca de orqu\u00eddeas silvestres y cultivadas. Es co-autor del reciente libro \u201cThe Book of Orchids\u201d con colaboradores de Kew Gardens. Tom fue Especialista de la Colecci\u00f3n de Orqu\u00eddeas del Smithsonian, trabajo que desempe\u00f1\u00f3 por 17 a\u00f1os, produciendo exhibiciones anuales para millones de visitantes. Organiza expediciones bot\u00e1nicas a trav\u00e9s de su marca \u2018Trips with Tom\u2019, que maneja desde su id\u00edlico hogar en Haw\u00e1i.<\/p>\n\n\n\n<div class=\"wp-block-columns is-layout-flex wp-container-core-columns-is-layout-2 wp-block-columns-is-layout-flex\">\n<div class=\"wp-block-column is-layout-flow wp-block-column-is-layout-flow\" style=\"flex-basis:33.33%\"><div class=\"wp-block-image\">\n<figure class=\"alignright size-large is-resized\"><a href=\"https:\/\/www.inkaterra.com\/inkaterra-asociacion-org\/wp-content\/uploads\/2023\/07\/Anguloa-Virginalis-2.jpg\"><img loading=\"lazy\" decoding=\"async\" src=\"https:\/\/www.inkaterra.com\/inkaterra-asociacion-org\/wp-content\/uploads\/2023\/07\/Anguloa-Virginalis-2-768x1024.jpg\" alt=\"\" class=\"wp-image-43772\" width=\"278\" height=\"372\" srcset=\"https:\/\/www.inkaterra.com\/inkaterra-asociacion-org\/wp-content\/uploads\/2023\/07\/Anguloa-Virginalis-2-768x1024.jpg 768w, https:\/\/www.inkaterra.com\/inkaterra-asociacion-org\/wp-content\/uploads\/2023\/07\/Anguloa-Virginalis-2-225x300.jpg 225w, https:\/\/www.inkaterra.com\/inkaterra-asociacion-org\/wp-content\/uploads\/2023\/07\/Anguloa-Virginalis-2.jpg 920w\" sizes=\"auto, (max-width: 278px) 100vw, 278px\" \/><\/a><\/figure><\/div><\/div>\n\n\n\n<div class=\"wp-block-column is-layout-flow wp-block-column-is-layout-flow\" style=\"flex-basis:66.66%\">\n<p>Del <strong>30 de noviembre al 3 de diciembre,<\/strong> tras la Conferencia, Tom Mirenda brindar\u00e1 una clase maestra en observaci\u00f3n de orqu\u00eddeas, mientras recorren los paisajes m\u00e1s extraordinarios de los Andes peruanos, incluyendo el<strong> Valle Sagrado de los Incas y el Santuario Hist\u00f3rico de Machu Picchu.<\/strong> Con tarifas especiales disponibles en Inkaterra Hacienda Urubamba e Inkaterra Machu Picchu Pueblo Hotel, usted podr\u00e1 explorar durante la temporada de floraci\u00f3n los <strong>jardines de orqu\u00eddeas de Inkaterra, que albergan 372 especies, la colecci\u00f3n de orqu\u00eddeas nativas m\u00e1s grande del mundo en su entorno natural, seg\u00fan la American Orchid Society.<\/strong><\/p>\n<\/div>\n<\/div>\n\n\n\n<p><strong>Consideraciones a tener en cuenta:<\/strong><\/p>\n\n\n\n<ul class=\"wp-block-list\"><li>Capacidad limitada<\/li><li>Es necesario estar inscrito en la VII Conferencia de Orqu\u00eddeas Andinas para poder ser parte de la Expedici\u00f3n Bot\u00e1nica<\/li><\/ul>\n\n\n\n<p>En el <a href=\"https:\/\/www.inkaterra.com\/inkaterra-asociacion-org\/conferencias_files\/botanical-expedition-native-orchids-of-machu-picchu.pdf\">siguiente <\/a><a href=\"https:\/\/www.inkaterra.com\/inkaterra-asociacion-org\/wp-content\/uploads\/2023\/09\/Post-Congress-Program-_Conferencia-de-Orqui\u0301deas-Andinas_27-09-23.pdf\" target=\"_blank\" rel=\"noopener\" title=\"\">archivo adjunto<\/a>, encontrar\u00e1 informaci\u00f3n detallada sobre el cronograma, tarifas y puntos de partida de nuestra emocionante expedici\u00f3n bot\u00e1nica.<\/p>\n\n\n<div class=\"listitems\" id=\"listitems-block_4e0182f11e9fd177ee6f90a976e2b970\">\n            <div class=\"list-item\">\n\n                <div class=\"item-wrapper\">\n\n                    <div class=\"thumbnail\">\n\n                        <a target=\"_blank\" href=\"https:\/\/www.inkaterra.com\/inkaterra-asociacion-org\/wp-content\/uploads\/2023\/09\/Post-Congress-Program-_Conferencia-de-Orqui\u0301deas-Andinas_27-09-23.pdf\">\n                            <img decoding=\"async\" src=\"https:\/\/www.inkaterra.com\/inkaterra-asociacion-org\/wp-content\/uploads\/2023\/08\/EXP-BOTA\u0301NICA_170x260px.jpg\" alt=\"\">\n                        <\/a>\n\n                    <\/div>\n\n                    <div class=\"btn-download\">\n\n                        <a target=\"_blank\" href=\"https:\/\/www.inkaterra.com\/inkaterra-asociacion-org\/wp-content\/uploads\/2023\/09\/Post-Congress-Program-_Conferencia-de-Orqui\u0301deas-Andinas_27-09-23.pdf\">\n                            Descargar                            <span><\/span>\n                        <\/a>\n                    <\/div>\n                <\/div>\n            <\/div>\n        <\/div>\n\n\n<p>INSCRIPCIONES CERRADAS<\/p>\n","protected":false},"excerpt":{"rendered":"Invitamos a todos los participantes de la VII Conferencia Cient\u00edfica de Orqu\u00eddeas Andinas a unirse en una fascinante expedici\u00f3n bot\u00e1nica a Machu Picchu guiada por una de las figuras m\u00e1s respetadas del mundo en orquideolog\u00eda, Tom Mirenda. Columnista para la American Orchid Society y l\u00edder de la OGCN (Orchid Garden Conservation Network), Tom ha cultivado&#8230; <a class=\"view-article\" href=\"https:\/\/www.inkaterra.com\/inkaterra-asociacion-org\/conferencias\/expedicion-botanica\/\">Ver art\u00edculo<\/a>","protected":false},"author":4,"featured_media":0,"parent":41574,"menu_order":24,"comment_status":"closed","ping_status":"closed","template":"","meta":{"footnotes":""},"class_list":["post-43767","page","type-page","status-publish","hentry"],"acf":[],"aioseo_notices":[],"_links":{"self":[{"href":"https:\/\/www.inkaterra.com\/inkaterra-asociacion-org\/wp-json\/wp\/v2\/pages\/43767","targetHints":{"allow":["GET"]}}],"collection":[{"href":"https:\/\/www.inkaterra.com\/inkaterra-asociacion-org\/wp-json\/wp\/v2\/pages"}],"about":[{"href":"https:\/\/www.inkaterra.com\/inkaterra-asociacion-org\/wp-json\/wp\/v2\/types\/page"}],"author":[{"embeddable":true,"href":"https:\/\/www.inkaterra.com\/inkaterra-asociacion-org\/wp-json\/wp\/v2\/users\/4"}],"replies":[{"embeddable":true,"href":"https:\/\/www.inkaterra.com\/inkaterra-asociacion-org\/wp-json\/wp\/v2\/comments?post=43767"}],"version-history":[{"count":29,"href":"https:\/\/www.inkaterra.com\/inkaterra-asociacion-org\/wp-json\/wp\/v2\/pages\/43767\/revisions"}],"predecessor-version":[{"id":44503,"href":"https:\/\/www.inkaterra.com\/inkaterra-asociacion-org\/wp-json\/wp\/v2\/pages\/43767\/revisions\/44503"}],"up":[{"embeddable":true,"href":"https:\/\/www.inkaterra.com\/inkaterra-asociacion-org\/wp-json\/wp\/v2\/pages\/41574"}],"wp:attachment":[{"href":"https:\/\/www.inkaterra.com\/inkaterra-asociacion-org\/wp-json\/wp\/v2\/media?parent=43767"}],"curies":[{"name":"wp","href":"https:\/\/api.w.org\/{rel}","templated":true}]}}