{"id":43705,"date":"2023-07-19T10:59:38","date_gmt":"2023-07-19T10:59:38","guid":{"rendered":"https:\/\/www.inkaterra.com\/inkaterra-asociacion-org\/?page_id=43705"},"modified":"2023-11-06T06:38:10","modified_gmt":"2023-11-06T06:38:10","slug":"sobre-la-conferencia","status":"publish","type":"page","link":"https:\/\/www.inkaterra.com\/inkaterra-asociacion-org\/conferencias\/sobre-la-conferencia\/","title":{"rendered":"Sobre la Conferencia"},"content":{"rendered":"\n<p>La Conferencia Cient\u00edfica de Orqu\u00eddeas Andinas naci\u00f3 en el a\u00f1o 2005 en Ecuador con el objetivo de convocar a la comunidad de investigadores, profesionales de la conservaci\u00f3n, cultivadores y otros aficionados de las orqu\u00eddeas para promover el estudio y la conservaci\u00f3n de las orqu\u00eddeas de la regi\u00f3n.<\/p>\n\n\n\n<p>La conferencia ofrece una amplia diversidad de temas abarcando diversidad, sistem\u00e1tica, ecolog\u00eda, conservaci\u00f3n y horticultura. Durante los \u00faltimos 18 a\u00f1os, este evento se ha consolidado en el evento acad\u00e9mico principal para la Orquideolog\u00eda en la regi\u00f3n Andina, reconocida por albergar una de las orquideofloras m\u00e1s asombrosas en todo el mundo.<\/p>\n\n\n\n<h2 class=\"wp-block-heading\">Lugar del evento<\/h2>\n\n\n\n<p><strong>Auditorio Pachac\u00fatec<\/strong>, ubicado en Machu Picchu Pueblo (antes Aguas Calientes), provincia de Urubamba, Cusco<\/p>\n\n\n\n<figure class=\"wp-block-gallery aligncenter has-nested-images columns-default is-cropped wp-block-gallery-1 is-layout-flex wp-block-gallery-is-layout-flex\">\n<figure class=\"wp-block-image size-large\"><a href=\"https:\/\/www.inkaterra.com\/inkaterra-asociacion-org\/wp-content\/uploads\/2023\/10\/Imagen-de-WhatsApp-2023-09-29-a-las-12.00.15.jpg\"><img decoding=\"async\" data-id=\"44251\" src=\"https:\/\/www.inkaterra.com\/inkaterra-asociacion-org\/wp-content\/uploads\/2023\/10\/Imagen-de-WhatsApp-2023-09-29-a-las-12.00.15.jpg\" alt=\"\" class=\"wp-image-44251\"\/><\/a><\/figure>\n<\/figure>\n\n\n\n<h2 class=\"wp-block-heading\">Ejes tem\u00e1ticos<\/h2>\n\n\n\n<p><a><\/a>Los ejes tem\u00e1ticos a desarrollarse en el VII AOC, son los siguientes:<\/p>\n\n\n\n<ul class=\"wp-block-list\"><li>Filogen\u00e9tica y sistem\u00e1tica<\/li><li>Diversidad y distribuciones<\/li><li>Ecolog\u00eda<\/li><li>Conservaci\u00f3n in situ y ex situ<\/li><li>Uso sostenible y equitativo<\/li><li>Horticultura<\/li><\/ul>\n\n\n\n<h2 class=\"wp-block-heading\"><strong>Comit\u00e9 Organizador<\/strong><\/h2>\n\n\n\n<ul class=\"wp-block-list\"><li>Joe Koechlin \u2013 INKATERRA | Presidente<\/li><li>Washington Galiano \u2013 UNSAAC | Vicepresidente<\/li><li>Jos\u00e9 Purisaca \u2013 Inka Terra Asociaci\u00f3n \u2013 ITA&nbsp;<\/li><li>Nicola Sian Flanagan \u2013 Pontificia Universidad Javeriana, Cali, Colombia<\/li><li>Tom Mirenda \u2013 The American Orchid Society<\/li><li>Susi Spittler \u2013 Peruvian Orchid Society<\/li><li>Alfredo Manrique \u2013 Peruvian Orchid Society<\/li><li>Mar\u00eda E. Holgado \u2013 Universidad Nacional de San Antonio Abad del Cusco \u2013 UNSAAC<\/li><li>Gloria Calatayud \u2013 Universidad Nacional de San Antonio Abad del Cusco \u2013 UNSAAC<\/li><li>Marcial Villafuerte \u2013 Universidad Nacional de San Antonio Abad del Cusco \u2013 UNSAAC<\/li><li>Gabriel Meseth \u2013 INKATERRA<\/li><li>Manuel Bisso \u2013 Inka Terra Asociaci\u00f3n \u2013 ITA<\/li><li>Elizabeth Hilario \u2013 Inka Terra Asociaci\u00f3n \u2013 ITA<\/li><li>Nayli Pizarro \u2013 Inka Terra Asociaci\u00f3n \u2013 ITA<\/li><\/ul>\n\n\n\n<h2 class=\"wp-block-heading\"><strong>Comit\u00e9 Cient\u00edfico<\/strong><\/h2>\n\n\n\n<ul class=\"wp-block-list\"><li>Nicola Flanagan, Pontificia Universidad Javeriana, Colombia<\/li><li>Tom Mirenda, American Orchid Society, USA<\/li><li>Maria Luisa Ochoa, Universidad Nacional de San Antonio Abad del Cusco, Per\u00fa<\/li><li>Daxs Coayla, Inkaterra Asociaci\u00f3n \u2013 ITA, Per\u00fa<\/li><li>Gunter Gerlach, Botanischer Garten M\u00fcnchen-Nymphenburg, M\u00fcnchen, Alemania<\/li><li>Eric Hagsater, Herbario AMO, M\u00e9xico<\/li><li>Franco Pupulin, Jard\u00edn Bot\u00e1nico Lankester, Costa Rica<\/li><\/ul>\n\n\n\n<h2 class=\"wp-block-heading\"><strong>Eventos Anteriores<\/strong><\/h2>\n\n\n\n<p>Trayectoria de las Conferencias Cient\u00edficas<\/p>\n\n\n\n<ul class=\"wp-block-list\"><li>Gualaceo, Ecuador, 2005, organiza Ecuagenera,&nbsp; presidente Dr.&nbsp; Alec Pridgeon<\/li><li>Loja, Ecuador, 2007, organizan Ecuagenera y la Universidad T\u00e9cnica Particular de Loja,&nbsp; presidente Dr.&nbsp; Alec Pridgeon<\/li><li>Quito, Ecuador 2009, organiza Ecuagenera,&nbsp; presidente Dr.&nbsp; Alec Pridgeon<\/li><li>Guayaquil, Ecuador 2012, organiza Ecuagenera,&nbsp; presidente Dr.&nbsp; Alec Pridgeon<\/li><li>Cali, Colombia 2015, organizan la Pontificia Universidad Javeriana Cali y la Asociaci\u00f3n Vallecaucana de Orquideologia, presidente Dra. Nicola Flanagan<\/li><li>Medell\u00edn, Colombia 2019, organizan la Universidad EAFIT y la Sociedad Colombiana de Orquideolog\u00eda, presidente Claudia Uribe<\/li><\/ul>\n\n\n\n<figure class=\"wp-block-gallery aligncenter has-nested-images columns-default is-cropped wp-block-gallery-2 is-layout-flex wp-block-gallery-is-layout-flex\">\n<figure class=\"wp-block-image size-large\"><a href=\"https:\/\/www.inkaterra.com\/inkaterra-asociacion-org\/wp-content\/uploads\/2023\/07\/eventos-anteriores-3.jpg\"><img loading=\"lazy\" decoding=\"async\" width=\"920\" height=\"614\" data-id=\"43720\" src=\"https:\/\/www.inkaterra.com\/inkaterra-asociacion-org\/wp-content\/uploads\/2023\/07\/eventos-anteriores-3.jpg\" alt=\"\" class=\"wp-image-43720\" srcset=\"https:\/\/www.inkaterra.com\/inkaterra-asociacion-org\/wp-content\/uploads\/2023\/07\/eventos-anteriores-3.jpg 920w, https:\/\/www.inkaterra.com\/inkaterra-asociacion-org\/wp-content\/uploads\/2023\/07\/eventos-anteriores-3-300x200.jpg 300w, https:\/\/www.inkaterra.com\/inkaterra-asociacion-org\/wp-content\/uploads\/2023\/07\/eventos-anteriores-3-768x513.jpg 768w\" sizes=\"auto, (max-width: 920px) 100vw, 920px\" \/><\/a><\/figure>\n\n\n\n<figure class=\"wp-block-image size-large\"><a href=\"https:\/\/www.inkaterra.com\/inkaterra-asociacion-org\/wp-content\/uploads\/2023\/07\/eventos-anteriores-2.jpg\"><img loading=\"lazy\" decoding=\"async\" width=\"920\" height=\"614\" data-id=\"43719\" src=\"https:\/\/www.inkaterra.com\/inkaterra-asociacion-org\/wp-content\/uploads\/2023\/07\/eventos-anteriores-2.jpg\" alt=\"\" class=\"wp-image-43719\" srcset=\"https:\/\/www.inkaterra.com\/inkaterra-asociacion-org\/wp-content\/uploads\/2023\/07\/eventos-anteriores-2.jpg 920w, https:\/\/www.inkaterra.com\/inkaterra-asociacion-org\/wp-content\/uploads\/2023\/07\/eventos-anteriores-2-300x200.jpg 300w, https:\/\/www.inkaterra.com\/inkaterra-asociacion-org\/wp-content\/uploads\/2023\/07\/eventos-anteriores-2-768x513.jpg 768w\" sizes=\"auto, (max-width: 920px) 100vw, 920px\" \/><\/a><\/figure>\n\n\n\n<figure class=\"wp-block-image size-large\"><a href=\"https:\/\/www.inkaterra.com\/inkaterra-asociacion-org\/wp-content\/uploads\/2023\/07\/eventos-anteriores-1.jpg\"><img loading=\"lazy\" decoding=\"async\" width=\"920\" height=\"614\" data-id=\"43723\" src=\"https:\/\/www.inkaterra.com\/inkaterra-asociacion-org\/wp-content\/uploads\/2023\/07\/eventos-anteriores-1.jpg\" alt=\"\" class=\"wp-image-43723\" srcset=\"https:\/\/www.inkaterra.com\/inkaterra-asociacion-org\/wp-content\/uploads\/2023\/07\/eventos-anteriores-1.jpg 920w, https:\/\/www.inkaterra.com\/inkaterra-asociacion-org\/wp-content\/uploads\/2023\/07\/eventos-anteriores-1-300x200.jpg 300w, https:\/\/www.inkaterra.com\/inkaterra-asociacion-org\/wp-content\/uploads\/2023\/07\/eventos-anteriores-1-768x513.jpg 768w\" sizes=\"auto, (max-width: 920px) 100vw, 920px\" \/><\/a><\/figure>\n<\/figure>\n","protected":false},"excerpt":{"rendered":"La Conferencia Cient\u00edfica de Orqu\u00eddeas Andinas naci\u00f3 en el a\u00f1o 2005 en Ecuador con el objetivo de convocar a la comunidad de investigadores, profesionales de la conservaci\u00f3n, cultivadores y otros aficionados de las orqu\u00eddeas para promover el estudio y la conservaci\u00f3n de las orqu\u00eddeas de la regi\u00f3n. La conferencia ofrece una amplia diversidad de temas&#8230; <a class=\"view-article\" href=\"https:\/\/www.inkaterra.com\/inkaterra-asociacion-org\/conferencias\/sobre-la-conferencia\/\">Ver art\u00edculo<\/a>","protected":false},"author":4,"featured_media":0,"parent":41574,"menu_order":15,"comment_status":"closed","ping_status":"closed","template":"","meta":{"footnotes":""},"class_list":["post-43705","page","type-page","status-publish","hentry"],"acf":[],"aioseo_notices":[],"_links":{"self":[{"href":"https:\/\/www.inkaterra.com\/inkaterra-asociacion-org\/wp-json\/wp\/v2\/pages\/43705","targetHints":{"allow":["GET"]}}],"collection":[{"href":"https:\/\/www.inkaterra.com\/inkaterra-asociacion-org\/wp-json\/wp\/v2\/pages"}],"about":[{"href":"https:\/\/www.inkaterra.com\/inkaterra-asociacion-org\/wp-json\/wp\/v2\/types\/page"}],"author":[{"embeddable":true,"href":"https:\/\/www.inkaterra.com\/inkaterra-asociacion-org\/wp-json\/wp\/v2\/users\/4"}],"replies":[{"embeddable":true,"href":"https:\/\/www.inkaterra.com\/inkaterra-asociacion-org\/wp-json\/wp\/v2\/comments?post=43705"}],"version-history":[{"count":23,"href":"https:\/\/www.inkaterra.com\/inkaterra-asociacion-org\/wp-json\/wp\/v2\/pages\/43705\/revisions"}],"predecessor-version":[{"id":44379,"href":"https:\/\/www.inkaterra.com\/inkaterra-asociacion-org\/wp-json\/wp\/v2\/pages\/43705\/revisions\/44379"}],"up":[{"embeddable":true,"href":"https:\/\/www.inkaterra.com\/inkaterra-asociacion-org\/wp-json\/wp\/v2\/pages\/41574"}],"wp:attachment":[{"href":"https:\/\/www.inkaterra.com\/inkaterra-asociacion-org\/wp-json\/wp\/v2\/media?parent=43705"}],"curies":[{"name":"wp","href":"https:\/\/api.w.org\/{rel}","templated":true}]}}