{"id":41574,"date":"2023-02-13T19:28:22","date_gmt":"2023-02-13T19:28:22","guid":{"rendered":"https:\/\/www.inkaterra.com\/inkaterra-asociacion-org\/?page_id=41574"},"modified":"2023-12-13T09:43:38","modified_gmt":"2023-12-13T09:43:38","slug":"conferencias","status":"publish","type":"page","link":"https:\/\/www.inkaterra.com\/inkaterra-asociacion-org\/conferencias\/","title":{"rendered":"Conferencias"},"content":{"rendered":"\n<p>La VII Conferencia Cient\u00edfica de Orqu\u00eddeas Andinas es el mayor evento sobre orqu\u00eddeas en la regi\u00f3n, cuyo principal objetivo es consolidar al Per\u00fa como uno de los principales destinos para la observaci\u00f3n de flora. A celebrarse del&nbsp;27 de noviembre al 29 de noviembre de 2023, congregar\u00e1 a la comunidad internacional de cient\u00edficos, estudiantes y aficionados.&nbsp;<\/p>\n\n\n\n<p>El programa comprende ponencias de algunos de los m\u00e1s renombrados especialistas para conocer los m\u00e1s recientes avances en investigaci\u00f3n y conservaci\u00f3n de orqu\u00eddeas. Asimismo, se llevar\u00e1 a cabo talleres pr\u00e1cticos y salidas de campo guiadas por Tom Mirenda \u2013 reconocido especialista en orqu\u00eddeas de Orchid Garden Conservation Network (OCGN) y American Orchid Society \u2013 en Lima, Cusco, Puerto Maldonado y el jard\u00edn de orqu\u00eddeas de Inkaterra Machu Picchu Pueblo Hotel, con 372 especies (la mayor colecci\u00f3n de orqu\u00eddeas nativas en su h\u00e1bitat seg\u00fan American Orchid Society).&nbsp;<\/p>\n\n\n\n<p>Para m\u00e1s informaci\u00f3n escr\u00edbanos a: aoc@inkaterra-asociacion.org<\/p>\n\n\n\n<p><strong><a href=\"https:\/\/www.inkaterra.com\/inkaterra-asociacion-org\/conferencias_files\/Programa-COA.pdf\" target=\"_blank\" rel=\"noopener\" title=\"\">Descargar el programa<\/a><\/strong><\/p>\n\n\n\n<div style=\"height:40px\" aria-hidden=\"true\" class=\"wp-block-spacer\"><\/div>\n\n\n<div class=\"wp-block-image\">\n<figure class=\"aligncenter size-full\"><a data-fancybox  href=\"https:\/\/www.inkaterra.com\/inkaterra-asociacion-org\/wp-content\/uploads\/2023\/12\/flyer-web.jpg\"><img loading=\"lazy\" decoding=\"async\" width=\"1000\" height=\"707\" src=\"https:\/\/www.inkaterra.com\/inkaterra-asociacion-org\/wp-content\/uploads\/2023\/12\/flyer-web.jpg\" alt=\"\" class=\"wp-image-44479\" srcset=\"https:\/\/www.inkaterra.com\/inkaterra-asociacion-org\/wp-content\/uploads\/2023\/12\/flyer-web.jpg 1000w, https:\/\/www.inkaterra.com\/inkaterra-asociacion-org\/wp-content\/uploads\/2023\/12\/flyer-web-300x212.jpg 300w, https:\/\/www.inkaterra.com\/inkaterra-asociacion-org\/wp-content\/uploads\/2023\/12\/flyer-web-768x543.jpg 768w\" sizes=\"auto, (max-width: 1000px) 100vw, 1000px\" \/><\/a><\/figure><\/div>","protected":false},"excerpt":{"rendered":"La VII Conferencia Cient\u00edfica de Orqu\u00eddeas Andinas es el mayor evento sobre orqu\u00eddeas en la regi\u00f3n, cuyo principal objetivo es consolidar al Per\u00fa como uno de los principales destinos para la observaci\u00f3n de flora. A celebrarse del&nbsp;27 de noviembre al 29 de noviembre de 2023, congregar\u00e1 a la comunidad internacional de cient\u00edficos, estudiantes y aficionados.&nbsp;&#8230; <a class=\"view-article\" href=\"https:\/\/www.inkaterra.com\/inkaterra-asociacion-org\/conferencias\/\">Ver art\u00edculo<\/a>","protected":false},"author":4,"featured_media":0,"parent":0,"menu_order":0,"comment_status":"closed","ping_status":"closed","template":"","meta":{"footnotes":""},"class_list":["post-41574","page","type-page","status-publish","hentry"],"acf":[],"aioseo_notices":[],"_links":{"self":[{"href":"https:\/\/www.inkaterra.com\/inkaterra-asociacion-org\/wp-json\/wp\/v2\/pages\/41574","targetHints":{"allow":["GET"]}}],"collection":[{"href":"https:\/\/www.inkaterra.com\/inkaterra-asociacion-org\/wp-json\/wp\/v2\/pages"}],"about":[{"href":"https:\/\/www.inkaterra.com\/inkaterra-asociacion-org\/wp-json\/wp\/v2\/types\/page"}],"author":[{"embeddable":true,"href":"https:\/\/www.inkaterra.com\/inkaterra-asociacion-org\/wp-json\/wp\/v2\/users\/4"}],"replies":[{"embeddable":true,"href":"https:\/\/www.inkaterra.com\/inkaterra-asociacion-org\/wp-json\/wp\/v2\/comments?post=41574"}],"version-history":[{"count":41,"href":"https:\/\/www.inkaterra.com\/inkaterra-asociacion-org\/wp-json\/wp\/v2\/pages\/41574\/revisions"}],"predecessor-version":[{"id":44483,"href":"https:\/\/www.inkaterra.com\/inkaterra-asociacion-org\/wp-json\/wp\/v2\/pages\/41574\/revisions\/44483"}],"wp:attachment":[{"href":"https:\/\/www.inkaterra.com\/inkaterra-asociacion-org\/wp-json\/wp\/v2\/media?parent=41574"}],"curies":[{"name":"wp","href":"https:\/\/api.w.org\/{rel}","templated":true}]}}