{"id":86529,"date":"2022-04-28T09:13:10","date_gmt":"2022-04-28T14:13:10","guid":{"rendered":"https:\/\/www.inkaterra.com\/top-press-april-2022\/"},"modified":"2022-05-02T08:13:26","modified_gmt":"2022-05-02T13:13:26","slug":"prensa-destacada-abril-2022","status":"publish","type":"page","link":"https:\/\/www.inkaterra.com\/es\/prensa-destacada-abril-2022\/","title":{"rendered":"Prensa Destacada: Abril 2022"},"content":{"rendered":"\n<figure class=\"wp-block-table\"><table><thead><tr><th>Fuente<\/th><th>Titulo<\/th><th>URL<\/th><\/tr><\/thead><tbody><tr><td>Lorientlejour.com<\/td><td>Plong\u00e9e \u00e0 Paris au c\u0153ur du Machu Picchu et des tr\u00e9sors du P\u00e9rou<\/td><td><a href=\"https:\/\/www.lorientlejour.com\/article\/1297348\/plongee-a-paris-au-coeur-du-machu-picchu-et-des-tresors-du-perou.html\" class=\"ek-link\">https:\/\/www.lorientlejour.com\/article\/1297348\/plongee-a-paris-au-coeur-du-machu-picchu-et-des-tresors-du-perou.html<\/a><\/td><\/tr><tr><td>Geo.fr<\/td><td>A Paris, une plong\u00e9e au c\u0153ur du Machu Picchu et des tr\u00e9sors du P\u00e9rou<\/td><td><a href=\"https:\/\/www.geo.fr\/histoire\/a-paris-une-plongee-au-coeur-du-machu-picchu-et-des-tresors-du-perou-209344\" target=\"_blank\" rel=\"noreferrer noopener\" class=\"ek-link\">https:\/\/www.geo.fr\/histoire\/a-paris-une-plongee-au-coeur-du-machu-picchu-et-des-tresors-du-perou-209344<\/a><\/td><\/tr><tr><td>Generationsnouvelles.net<\/td><td>A Paris, une plong\u00e9e au coeur du Machu Picchu et des tr\u00e9sors du P\u00e9rou<\/td><td><a href=\"https:\/\/generationsnouvelles.net\/a-paris-une-plongee-au-coeur-du-machu-picchu-et-des-tresors-du-perou\/\" class=\"ek-link\">https:\/\/generationsnouvelles.net\/a-paris-une-plongee-au-coeur-du-machu-picchu-et-des-tresors-du-perou\/<\/a><\/td><\/tr><tr><td>Rfi.fr<\/td><td>Machu Picchu et les tr\u00e9sors du P\u00e9rou<\/td><td><a href=\"https:\/\/www.rfi.fr\/fr\/podcasts\/vous-m-en-direz-des-nouvelles\/20220418-machu-picchu-et-les-tr%C3%A9sors-du-p%C3%A9rou\" class=\"ek-link\">https:\/\/www.rfi.fr\/fr\/podcasts\/vous-m-en-direz-des-nouvelles\/20220418-machu-picchu-et-les-tr%C3%A9sors-du-p%C3%A9rou<\/a><\/td><\/tr><tr><td>Clionautes.org<\/td><td>Machu Picchu et les tr\u00e9sors du P\u00e9rou<\/td><td><a href=\"https:\/\/www.clionautes.org\/machu-picchu-tresors-perou.html\" class=\"ek-link\">https:\/\/www.clionautes.org\/machu-picchu-tresors-perou.html<\/a><\/td><\/tr><tr><td>Ouifm.fr<\/td><td>D\u00e9couvrez la Cit\u00e9 de l&#8217;Architecture : un lieu qui ouvre le patrimoine au plus grand nombre<\/td><td><a href=\"https:\/\/www.ouifm.fr\/decouvrez-la-cite-de-l-architecture-un-lieu-qui-ouvre-le-patrimoine-au-plus-grand-nombre\" class=\"ek-link\">https:\/\/www.ouifm.fr\/decouvrez-la-cite-de-l-architecture-un-lieu-qui-ouvre-le-patrimoine-au-plus-grand-nombre<\/a><\/td><\/tr><tr><td>Lefigaro.fr<\/td><td>Machu Picchu: \u00e0 la conqu\u00eate de l\u2019or<\/td><td><a href=\"https:\/\/www.lefigaro.fr\/arts-expositions\/machu-picchu-a-la-conquete-de-l-or-20220417\" class=\"ek-link\">https:\/\/www.lefigaro.fr\/arts-expositions\/machu-picchu-a-la-conquete-de-l-or-20220417<\/a><\/td><\/tr><tr><td>Chroniques-architecture.com<\/td><td>Machu Picchu et les tr\u00e9sors du P\u00e9rou<\/td><td><a href=\"https:\/\/chroniques-architecture.com\/machu-picchu-et-les-tresors-du-perou\/\" class=\"ek-link\">https:\/\/chroniques-architecture.com\/machu-picchu-et-les-tresors-du-perou\/<\/a><\/td><\/tr><tr><td>Lecourrier.vn<\/td><td>\u00c0 Paris, une plong\u00e9e au c\u0153ur du Machu Picchu et des tr\u00e9sors du P\u00e9rou<\/td><td><a href=\"https:\/\/lecourrier.vn\/a-paris-une-plongee-au-c%C5%93ur-du-machu-picchu-et-des-tresors-du-perou\/972271.html\" class=\"ek-link\">https:\/\/lecourrier.vn\/a-paris-une-plongee-au-c%C5%93ur-du-machu-picchu-et-des-tresors-du-perou\/972271.html<\/a><\/td><\/tr><tr><td>Leparisien.fr<\/td><td>Exposition : plongez au c\u0153ur du Machu Picchu et des tr\u00e9sors du P\u00e9rou<\/td><td><a href=\"https:\/\/www.leparisien.fr\/culture-loisirs\/exposition-plongez-au-coeur-du-machu-picchu-et-des-tresors-du-perou-16-04-2022-6SHNT67VZBHIFCWXR5AB3OCTW4.php\" class=\"ek-link\">https:\/\/www.leparisien.fr\/culture-loisirs\/exposition-plongez-au-coeur-du-machu-picchu-et-des-tresors-du-perou-16-04-2022-6SHNT67VZBHIFCWXR5AB3OCTW4.php<\/a><\/td><\/tr><tr><td>Telerama.fr<\/td><td>\u201cMachu Picchu et les tr\u00e9sors du P\u00e9rou\u201d, trois mille ans de beaut\u00e9s divines \u00e0 la Cit\u00e9 de l\u2019architecture<\/td><td><a href=\"https:\/\/www.telerama.fr\/sortir\/machu-picchu-et-les-tresors-du-perou-trois-mille-ans-de-beautes-divines-a-la-cite-de-l-architecture-7009908.php\" class=\"ek-link\">https:\/\/www.telerama.fr\/sortir\/machu-picchu-et-les-tresors-du-perou-trois-mille-ans-de-beautes-divines-a-la-cite-de-l-architecture-7009908.php<\/a><\/td><\/tr><tr><td>Lagoradesarts.fr<\/td><td>Machu Picchu et les tr\u00e9sors du P\u00e9rou. 3000 ans de civilisation, des origines aux Incas<\/td><td><a href=\"https:\/\/lagoradesarts.fr\/Machu-Picchu-et-les-tresors-du-Perou-3000-ans-de-civilisation-des-origines-aux-Incas.html\" class=\"ek-link\">https:\/\/lagoradesarts.fr\/Machu-Picchu-et-les-tresors-du-Perou-3000-ans-de-civilisation-des-origines-aux-Incas.html<\/a><\/td><\/tr><tr><td>Journaldesfemmes.fr<\/td><td>Machu Picchu (Les Tr\u00e9sors du P\u00e9rou)&nbsp;: Visite de l&#8217;exposition avec Carole Fraresso<\/td><td><a href=\"https:\/\/www.journaldesfemmes.fr\/loisirs\/sorties\/2807179-machu-picchu-expo-perou-carole-fraresso-palais-de-chaillot-cite-de-l-architecture-paris-trocadero\/\" class=\"ek-link\">https:\/\/www.journaldesfemmes.fr\/loisirs\/sorties\/2807179-machu-picchu-expo-perou-carole-fraresso-palais-de-chaillot-cite-de-l-architecture-paris-trocadero\/<\/a><\/td><\/tr><tr><td>Titrespresse.com<\/td><td>Machu Picchu (Les Tr\u00e9sors du P\u00e9rou) : Visite de l&#8217;exposition avec Carole Fraresso<\/td><td><a href=\"https:\/\/www.titrespresse.com\/72419442202\/machu-picchu-tresors-perou-visite-carole\" class=\"ek-link\">https:\/\/www.titrespresse.com\/72419442202\/machu-picchu-tresors-perou-visite-carole<\/a><\/td><\/tr><tr><td>Francetvinfo.fr<\/td><td>\u00abMachu Picchu et les tr\u00e9sors du P\u00e9rou\u00bb \u00e0 la Cit\u00e9 de l&#8217;architecture : on s&#8217;\u00e9merveille malgr\u00e9 une mise en sc\u00e8ne qui peut agacer<\/td><td><a href=\"https:\/\/www.francetvinfo.fr\/culture\/patrimoine\/machu-picchu-et-tresors-du-perou-a-la-cite-de-l-architecture-on-s-emerveille-malgre-une-mise-en-scene-qui-peut-agacer_5091733.html\" class=\"ek-link\">https:\/\/www.francetvinfo.fr\/culture\/patrimoine\/machu-picchu-et-tresors-du-perou-a-la-cite-de-l-architecture-on-s-emerveille-malgre-une-mise-en-scene-qui-peut-agacer_5091733.html<\/a><\/td><\/tr><tr><td>Lefigaro.fr<\/td><td>S\u00e9jour P\u00e9rou | 14 jours | \u00c0 la d\u00e9couverte des trois vall\u00e9es<\/td><td><a href=\"https:\/\/www.lefigaro.fr\/voyages\/selection\/sejour-perou-14-jours-a-la-decouverte-des-trois-vallees-20220427\" class=\"ek-link\">https:\/\/www.lefigaro.fr\/voyages\/selection\/sejour-perou-14-jours-a-la-decouverte-des-trois-vallees-20220427<\/a><\/td><\/tr><\/tbody><\/table><\/figure>\n\n\n\n<p><\/p>\n","protected":false},"excerpt":{"rendered":"<p>Fuente Titulo URL Lorientlejour.com Plong\u00e9e \u00e0 Paris au c\u0153ur du Machu Picchu et des tr\u00e9sors du P\u00e9rou https:\/\/www.lorientlejour.com\/article\/1297348\/plongee-a-paris-au-coeur-du-machu-picchu-et-des-tresors-du-perou.html Geo.fr A Paris, une plong\u00e9e au c\u0153ur du Machu Picchu et des tr\u00e9sors du P\u00e9rou https:\/\/www.geo.fr\/histoire\/a-paris-une-plongee-au-coeur-du-machu-picchu-et-des-tresors-du-perou-209344 Generationsnouvelles.net A Paris, une plong\u00e9e au coeur du Machu Picchu et des tr\u00e9sors du P\u00e9rou https:\/\/generationsnouvelles.net\/a-paris-une-plongee-au-coeur-du-machu-picchu-et-des-tresors-du-perou\/ Rfi.fr Machu Picchu et les [&hellip;]<\/p>\n","protected":false},"author":3,"featured_media":0,"parent":0,"menu_order":0,"comment_status":"closed","ping_status":"closed","template":"","meta":{"_acf_changed":false,"_editorskit_title_hidden":false,"_editorskit_reading_time":1,"_editorskit_is_block_options_detached":false,"_editorskit_block_options_position":"{}","footnotes":""},"class_list":["post-86529","page","type-page","status-publish","hentry","plantillas-_tpl-default-prensa"],"acf":[],"aioseo_notices":[],"_links":{"self":[{"href":"https:\/\/www.inkaterra.com\/es\/wp-json\/wp\/v2\/pages\/86529","targetHints":{"allow":["GET"]}}],"collection":[{"href":"https:\/\/www.inkaterra.com\/es\/wp-json\/wp\/v2\/pages"}],"about":[{"href":"https:\/\/www.inkaterra.com\/es\/wp-json\/wp\/v2\/types\/page"}],"author":[{"embeddable":true,"href":"https:\/\/www.inkaterra.com\/es\/wp-json\/wp\/v2\/users\/3"}],"replies":[{"embeddable":true,"href":"https:\/\/www.inkaterra.com\/es\/wp-json\/wp\/v2\/comments?post=86529"}],"version-history":[{"count":1,"href":"https:\/\/www.inkaterra.com\/es\/wp-json\/wp\/v2\/pages\/86529\/revisions"}],"predecessor-version":[{"id":86530,"href":"https:\/\/www.inkaterra.com\/es\/wp-json\/wp\/v2\/pages\/86529\/revisions\/86530"}],"wp:attachment":[{"href":"https:\/\/www.inkaterra.com\/es\/wp-json\/wp\/v2\/media?parent=86529"}],"curies":[{"name":"wp","href":"https:\/\/api.w.org\/{rel}","templated":true}]}}

<figure class="wp-block-table"><table><thead><tr><th>Fuente</th><th>Titulo</th><th>URL</th></tr></thead><tbody><tr><td>Lorientlejour.com</td><td>Plongée à Paris au cœur du Machu Picchu et des trésors du Pérou</td><td><a href="https://www.lorientlejour.com/article/1297348/plongee-a-paris-au-coeur-du-machu-picchu-et-des-tresors-du-perou.html" class="ek-link">https://www.lorientlejour.com/article/1297348/plongee-a-paris-au-coeur-du-machu-picchu-et-des-tresors-du-perou.html</a></td></tr><tr><td>Geo.fr</td><td>A Paris, une plongée au cœur du Machu Picchu et des trésors du Pérou</td><td><a href="https://www.geo.fr/histoire/a-paris-une-plongee-au-coeur-du-machu-picchu-et-des-tresors-du-perou-209344" target="_blank" rel="noreferrer noopener" class="ek-link">https://www.geo.fr/histoire/a-paris-une-plongee-au-coeur-du-machu-picchu-et-des-tresors-du-perou-209344</a></td></tr><tr><td>Generationsnouvelles.net</td><td>A Paris, une plongée au coeur du Machu Picchu et des trésors du Pérou</td><td><a href="https://generationsnouvelles.net/a-paris-une-plongee-au-coeur-du-machu-picchu-et-des-tresors-du-perou/" class="ek-link">https://generationsnouvelles.net/a-paris-une-plongee-au-coeur-du-machu-picchu-et-des-tresors-du-perou/</a></td></tr><tr><td>Rfi.fr</td><td>Machu Picchu et les trésors du Pérou</td><td><a href="https://www.rfi.fr/fr/podcasts/vous-m-en-direz-des-nouvelles/20220418-machu-picchu-et-les-tr%C3%A9sors-du-p%C3%A9rou" class="ek-link">https://www.rfi.fr/fr/podcasts/vous-m-en-direz-des-nouvelles/20220418-machu-picchu-et-les-tr%C3%A9sors-du-p%C3%A9rou</a></td></tr><tr><td>Clionautes.org</td><td>Machu Picchu et les trésors du Pérou</td><td><a href="https://www.clionautes.org/machu-picchu-tresors-perou.html" class="ek-link">https://www.clionautes.org/machu-picchu-tresors-perou.html</a></td></tr><tr><td>Ouifm.fr</td><td>Découvrez la Cité de l&#8217;Architecture : un lieu qui ouvre le patrimoine au plus grand nombre</td><td><a href="https://www.ouifm.fr/decouvrez-la-cite-de-l-architecture-un-lieu-qui-ouvre-le-patrimoine-au-plus-grand-nombre" class="ek-link">https://www.ouifm.fr/decouvrez-la-cite-de-l-architecture-un-lieu-qui-ouvre-le-patrimoine-au-plus-grand-nombre</a></td></tr><tr><td>Lefigaro.fr</td><td>Machu Picchu: à la conquête de l’or</td><td><a href="https://www.lefigaro.fr/arts-expositions/machu-picchu-a-la-conquete-de-l-or-20220417" class="ek-link">https://www.lefigaro.fr/arts-expositions/machu-picchu-a-la-conquete-de-l-or-20220417</a></td></tr><tr><td>Chroniques-architecture.com</td><td>Machu Picchu et les trésors du Pérou</td><td><a href="https://chroniques-architecture.com/machu-picchu-et-les-tresors-du-perou/" class="ek-link">https://chroniques-architecture.com/machu-picchu-et-les-tresors-du-perou/</a></td></tr><tr><td>Lecourrier.vn</td><td>À Paris, une plongée au cœur du Machu Picchu et des trésors du Pérou</td><td><a href="https://lecourrier.vn/a-paris-une-plongee-au-c%C5%93ur-du-machu-picchu-et-des-tresors-du-perou/972271.html" class="ek-link">https://lecourrier.vn/a-paris-une-plongee-au-c%C5%93ur-du-machu-picchu-et-des-tresors-du-perou/972271.html</a></td></tr><tr><td>Leparisien.fr</td><td>Exposition : plongez au cœur du Machu Picchu et des trésors du Pérou</td><td><a href="https://www.leparisien.fr/culture-loisirs/exposition-plongez-au-coeur-du-machu-picchu-et-des-tresors-du-perou-16-04-2022-6SHNT67VZBHIFCWXR5AB3OCTW4.php" class="ek-link">https://www.leparisien.fr/culture-loisirs/exposition-plongez-au-coeur-du-machu-picchu-et-des-tresors-du-perou-16-04-2022-6SHNT67VZBHIFCWXR5AB3OCTW4.php</a></td></tr><tr><td>Telerama.fr</td><td>“Machu Picchu et les trésors du Pérou”, trois mille ans de beautés divines à la Cité de l’architecture</td><td><a href="https://www.telerama.fr/sortir/machu-picchu-et-les-tresors-du-perou-trois-mille-ans-de-beautes-divines-a-la-cite-de-l-architecture-7009908.php" class="ek-link">https://www.telerama.fr/sortir/machu-picchu-et-les-tresors-du-perou-trois-mille-ans-de-beautes-divines-a-la-cite-de-l-architecture-7009908.php</a></td></tr><tr><td>Lagoradesarts.fr</td><td>Machu Picchu et les trésors du Pérou. 3000 ans de civilisation, des origines aux Incas</td><td><a href="https://lagoradesarts.fr/Machu-Picchu-et-les-tresors-du-Perou-3000-ans-de-civilisation-des-origines-aux-Incas.html" class="ek-link">https://lagoradesarts.fr/Machu-Picchu-et-les-tresors-du-Perou-3000-ans-de-civilisation-des-origines-aux-Incas.html</a></td></tr><tr><td>Journaldesfemmes.fr</td><td>Machu Picchu (Les Trésors du Pérou)&nbsp;: Visite de l&#8217;exposition avec Carole Fraresso</td><td><a href="https://www.journaldesfemmes.fr/loisirs/sorties/2807179-machu-picchu-expo-perou-carole-fraresso-palais-de-chaillot-cite-de-l-architecture-paris-trocadero/" class="ek-link">https://www.journaldesfemmes.fr/loisirs/sorties/2807179-machu-picchu-expo-perou-carole-fraresso-palais-de-chaillot-cite-de-l-architecture-paris-trocadero/</a></td></tr><tr><td>Titrespresse.com</td><td>Machu Picchu (Les Trésors du Pérou) : Visite de l&#8217;exposition avec Carole Fraresso</td><td><a href="https://www.titrespresse.com/72419442202/machu-picchu-tresors-perou-visite-carole" class="ek-link">https://www.titrespresse.com/72419442202/machu-picchu-tresors-perou-visite-carole</a></td></tr><tr><td>Francetvinfo.fr</td><td>«Machu Picchu et les trésors du Pérou» à la Cité de l&#8217;architecture : on s&#8217;émerveille malgré une mise en scène qui peut agacer</td><td><a href="https://www.francetvinfo.fr/culture/patrimoine/machu-picchu-et-tresors-du-perou-a-la-cite-de-l-architecture-on-s-emerveille-malgre-une-mise-en-scene-qui-peut-agacer_5091733.html" class="ek-link">https://www.francetvinfo.fr/culture/patrimoine/machu-picchu-et-tresors-du-perou-a-la-cite-de-l-architecture-on-s-emerveille-malgre-une-mise-en-scene-qui-peut-agacer_5091733.html</a></td></tr><tr><td>Lefigaro.fr</td><td>Séjour Pérou | 14 jours | À la découverte des trois vallées</td><td><a href="https://www.lefigaro.fr/voyages/selection/sejour-perou-14-jours-a-la-decouverte-des-trois-vallees-20220427" class="ek-link">https://www.lefigaro.fr/voyages/selection/sejour-perou-14-jours-a-la-decouverte-des-trois-vallees-20220427</a></td></tr></tbody></table></figure>



<p></p>

<p>Fuente Titulo URL Lorientlejour.com Plongée à Paris au cœur du Machu Picchu et des trésors du Pérou https://www.lorientlejour.com/article/1297348/plongee-a-paris-au-coeur-du-machu-picchu-et-des-tresors-du-perou.html Geo.fr A Paris, une plongée au cœur du Machu Picchu et des trésors du Pérou https://www.geo.fr/histoire/a-paris-une-plongee-au-coeur-du-machu-picchu-et-des-tresors-du-perou-209344 Generationsnouvelles.net A Paris, une plongée au coeur du Machu Picchu et des trésors du Pérou https://generationsnouvelles.net/a-paris-une-plongee-au-coeur-du-machu-picchu-et-des-tresors-du-perou/ Rfi.fr Machu Picchu et les [&hellip;]</p>
